{"id":540,"date":"2023-04-12T07:17:39","date_gmt":"2023-04-12T07:17:39","guid":{"rendered":"https:\/\/brezstrahuzavolanom.si\/nova\/?page_id=540"},"modified":"2023-04-21T09:25:45","modified_gmt":"2023-04-21T09:25:45","slug":"moja-zgodba","status":"publish","type":"page","link":"https:\/\/brezstrahuzavolanom.si\/nova\/moja-zgodba\/","title":{"rendered":"Moja zgodba"},"content":{"rendered":"\t\t<div data-elementor-type=\"wp-page\" data-elementor-id=\"540\" class=\"elementor elementor-540\">\n\t\t\t\t\t\t\t\t\t<section class=\"elementor-section elementor-top-section elementor-element elementor-element-616705bc elementor-section-height-min-height elementor-section-items-stretch elementor-section-content-middle elementor-section-boxed elementor-section-height-default\" data-id=\"616705bc\" data-element_type=\"section\" data-settings=\"{&quot;background_background&quot;:&quot;classic&quot;}\">\n\t\t\t\t\t\t<div class=\"elementor-container elementor-column-gap-default\">\n\t\t\t\t\t<div class=\"elementor-column elementor-col-50 elementor-top-column elementor-element elementor-element-8779e3\" data-id=\"8779e3\" data-element_type=\"column\">\n\t\t\t<div class=\"elementor-widget-wrap elementor-element-populated\">\n\t\t\t\t\t\t\t\t<div class=\"elementor-element elementor-element-630a3ed5 elementor-invisible elementor-widget elementor-widget-heading\" data-id=\"630a3ed5\" data-element_type=\"widget\" data-settings=\"{&quot;_animation&quot;:&quot;fadeInLeft&quot;}\" data-widget_type=\"heading.default\">\n\t\t\t\t<div class=\"elementor-widget-container\">\n\t\t\t<style>\/*! elementor - v3.12.1 - 02-04-2023 *\/\n.elementor-heading-title{padding:0;margin:0;line-height:1}.elementor-widget-heading .elementor-heading-title[class*=elementor-size-]>a{color:inherit;font-size:inherit;line-height:inherit}.elementor-widget-heading .elementor-heading-title.elementor-size-small{font-size:15px}.elementor-widget-heading .elementor-heading-title.elementor-size-medium{font-size:19px}.elementor-widget-heading .elementor-heading-title.elementor-size-large{font-size:29px}.elementor-widget-heading .elementor-heading-title.elementor-size-xl{font-size:39px}.elementor-widget-heading .elementor-heading-title.elementor-size-xxl{font-size:59px}<\/style><h2 class=\"elementor-heading-title elementor-size-default\">Moja zgodba<\/h2>\t\t<\/div>\n\t\t\t\t<\/div>\n\t\t\t\t<div class=\"elementor-element elementor-element-3ea4785 elementor-widget elementor-widget-text-editor\" data-id=\"3ea4785\" data-element_type=\"widget\" data-widget_type=\"text-editor.default\">\n\t\t\t\t<div class=\"elementor-widget-container\">\n\t\t\t<style>\/*! elementor - v3.12.1 - 02-04-2023 *\/\n.elementor-widget-text-editor.elementor-drop-cap-view-stacked .elementor-drop-cap{background-color:#69727d;color:#fff}.elementor-widget-text-editor.elementor-drop-cap-view-framed .elementor-drop-cap{color:#69727d;border:3px solid;background-color:transparent}.elementor-widget-text-editor:not(.elementor-drop-cap-view-default) .elementor-drop-cap{margin-top:8px}.elementor-widget-text-editor:not(.elementor-drop-cap-view-default) .elementor-drop-cap-letter{width:1em;height:1em}.elementor-widget-text-editor .elementor-drop-cap{float:left;text-align:center;line-height:1;font-size:50px}.elementor-widget-text-editor .elementor-drop-cap-letter{display:inline-block}<\/style>\t\t\t\t<p><span style=\"font-weight: 400;\"><strong>Leta<\/strong> 1996 sem pridobila <strong>dovoljenje<\/strong> za <strong>u\u010denje vo\u017enje<\/strong> ter u\u010denje cestno prometnih predpisov.<\/span><\/p><p><span style=\"font-weight: 400;\"><strong>Takrat<\/strong>\u00a0 smo imeli <strong>v lasti<\/strong>\u00a0 \u0161olo vo\u017enje <strong>\u201cJaguar\u201d<\/strong> v Ljubljani, v kateri smo delovali vsi dru\u017einski \u010dlani: <strong>o\u010de<\/strong> Andrej Ko\u0161ak, <strong>mami<\/strong> Ljubica Ko\u0161ak, starej\u0161i <strong>brat\u00a0<\/strong> Gregor Ko\u0161ak in <strong>jaz<\/strong>. Imeli smo eno <strong>najbolj\u0161ih<\/strong> in <strong>najuspe\u0161nej\u0161ih<\/strong> avto\u0161ol v <strong>Ljubljani,<\/strong> ki pa je po <strong>upokojitvi<\/strong> star\u0161ev po\u010dasi <strong>ugasnila.<\/strong><\/span><\/p>\t\t\t\t\t\t<\/div>\n\t\t\t\t<\/div>\n\t\t\t\t\t<\/div>\n\t\t<\/div>\n\t\t\t\t<div class=\"elementor-column elementor-col-50 elementor-top-column elementor-element elementor-element-28ee3b99\" data-id=\"28ee3b99\" data-element_type=\"column\" data-settings=\"{&quot;background_background&quot;:&quot;slideshow&quot;,&quot;background_slideshow_gallery&quot;:[],&quot;background_slideshow_loop&quot;:&quot;yes&quot;,&quot;background_slideshow_slide_duration&quot;:5000,&quot;background_slideshow_slide_transition&quot;:&quot;fade&quot;,&quot;background_slideshow_transition_duration&quot;:500}\">\n\t\t\t<div class=\"elementor-widget-wrap elementor-element-populated\">\n\t\t\t\t\t\t\t\t<div class=\"elementor-element elementor-element-bc6dfa4 elementor-widget elementor-widget-image\" data-id=\"bc6dfa4\" data-element_type=\"widget\" data-widget_type=\"image.default\">\n\t\t\t\t<div class=\"elementor-widget-container\">\n\t\t\t<style>\/*! elementor - v3.12.1 - 02-04-2023 *\/\n.elementor-widget-image{text-align:center}.elementor-widget-image a{display:inline-block}.elementor-widget-image a img[src$=\".svg\"]{width:48px}.elementor-widget-image img{vertical-align:middle;display:inline-block}<\/style>\t\t\t\t\t\t\t\t\t\t\t\t<img loading=\"lazy\" decoding=\"async\" width=\"1024\" height=\"576\" src=\"https:\/\/brezstrahuzavolanom.si\/nova\/wp-content\/uploads\/2023\/04\/Druzina-1024x576.jpg\" class=\"attachment-large size-large wp-image-1094\" alt=\"\" \/>\t\t\t\t\t\t\t\t\t\t\t\t\t\t\t<\/div>\n\t\t\t\t<\/div>\n\t\t\t\t\t<\/div>\n\t\t<\/div>\n\t\t\t\t\t\t\t<\/div>\n\t\t<\/section>\n\t\t\t\t<section class=\"elementor-section elementor-top-section elementor-element elementor-element-4b6465ed elementor-section-boxed elementor-section-height-default elementor-section-height-default\" data-id=\"4b6465ed\" data-element_type=\"section\">\n\t\t\t\t\t\t<div class=\"elementor-container elementor-column-gap-default\">\n\t\t\t\t\t<div class=\"elementor-column elementor-col-100 elementor-top-column elementor-element elementor-element-5df227c9\" data-id=\"5df227c9\" data-element_type=\"column\">\n\t\t\t<div class=\"elementor-widget-wrap elementor-element-populated\">\n\t\t\t\t\t\t\t\t<div class=\"elementor-element elementor-element-5da1ccd3 elementor-align-center elementor-widget elementor-widget-button\" data-id=\"5da1ccd3\" data-element_type=\"widget\" data-widget_type=\"button.default\">\n\t\t\t\t<div class=\"elementor-widget-container\">\n\t\t\t\t\t<div class=\"elementor-button-wrapper\">\n\t\t\t<a href=\"#\" class=\"elementor-button-link elementor-button elementor-size-sm\" role=\"button\">\n\t\t\t\t\t\t<span class=\"elementor-button-content-wrapper\">\n\t\t\t\t\t\t<span class=\"elementor-button-text\">Prijava v program<\/span>\n\t\t<\/span>\n\t\t\t\t\t<\/a>\n\t\t<\/div>\n\t\t\t\t<\/div>\n\t\t\t\t<\/div>\n\t\t\t\t\t<\/div>\n\t\t<\/div>\n\t\t\t\t\t\t\t<\/div>\n\t\t<\/section>\n\t\t\t\t<section class=\"elementor-section elementor-top-section elementor-element elementor-element-7090916 elementor-section-boxed elementor-section-height-default elementor-section-height-default\" data-id=\"7090916\" data-element_type=\"section\" data-settings=\"{&quot;animation&quot;:&quot;none&quot;}\">\n\t\t\t\t\t\t<div class=\"elementor-container elementor-column-gap-default\">\n\t\t\t\t\t<div class=\"elementor-column elementor-col-50 elementor-top-column elementor-element elementor-element-2f973a3\" data-id=\"2f973a3\" data-element_type=\"column\">\n\t\t\t<div class=\"elementor-widget-wrap elementor-element-populated\">\n\t\t\t\t\t\t\t\t<div class=\"elementor-element elementor-element-0ea44aa elementor-widget elementor-widget-heading\" data-id=\"0ea44aa\" data-element_type=\"widget\" data-widget_type=\"heading.default\">\n\t\t\t\t<div class=\"elementor-widget-container\">\n\t\t\t<h2 class=\"elementor-heading-title elementor-size-default\">Ne kompliciraj!<\/h2>\t\t<\/div>\n\t\t\t\t<\/div>\n\t\t\t\t<div class=\"elementor-element elementor-element-b8568d5 elementor-widget__width-initial elementor-widget elementor-widget-text-editor\" data-id=\"b8568d5\" data-element_type=\"widget\" data-widget_type=\"text-editor.default\">\n\t\t\t\t<div class=\"elementor-widget-container\">\n\t\t\t\t\t\t\t<p><span style=\"font-weight: 400;\">V za\u010detku<strong> leta 2006<\/strong> sem imela za seboj zelo <strong>te\u017eak<\/strong> <strong>porod<\/strong> prvorojenca. <strong>Po treh<\/strong> dneh<strong> rojevanja<\/strong> so se v Ljubljanski porodni\u0161nici odlo\u010dili, da mi naredijo <strong>carski rez<\/strong>. Po tej operaciji sem dlje \u010dasa okrevala in se prebijala skozi <strong>prvo materinstvo. <\/strong><\/span><\/p><p><span style=\"font-weight: 400;\"><strong>Tri mesece<\/strong> nisem vozila avta. Ko sem se po treh mesecih <strong>usedla<\/strong> v avto, <strong>skupaj s<\/strong> svojim sinom, sem do\u017eivela prvi <strong>pani\u010dni napad.<\/strong> <strong>Odpovedale<\/strong> so mi <strong>roke, noge in glava.<\/strong> Bila <strong>sem<\/strong> popolnoma <strong>nemo\u010dna<\/strong>.\u00a0 Kljub vsemu <strong>znanju<\/strong>, ki sem ga kot <strong>takratna u\u010diteljica<\/strong> vo\u017enje imela, <strong>nisem zmogla<\/strong> voziti avta. \u010cez \u010das sem vsa <strong>obupana<\/strong>, poklicala svojo mamo, da <strong>bi me<\/strong> vsaj ona <strong>razumela,<\/strong> da ne morem naprej. A ni bilo tako. <strong>Mami<\/strong> mi je rekla:<\/span><span style=\"font-weight: 400;\"><strong><em>\u201dKaj komplicira\u0161, usedi se v avto in se pelji, tako kot si se do sedaj. Saj to ni ni\u010d<\/em> takega, ne kompliciraj!\u201d<\/strong><\/span><\/p>\t\t\t\t\t\t<\/div>\n\t\t\t\t<\/div>\n\t\t\t\t\t<\/div>\n\t\t<\/div>\n\t\t\t\t<div class=\"elementor-column elementor-col-50 elementor-top-column elementor-element elementor-element-c181714\" data-id=\"c181714\" data-element_type=\"column\" data-settings=\"{&quot;background_background&quot;:&quot;classic&quot;}\">\n\t\t\t<div class=\"elementor-widget-wrap\">\n\t\t\t\t\t\t\t\t\t<\/div>\n\t\t<\/div>\n\t\t\t\t\t\t\t<\/div>\n\t\t<\/section>\n\t\t\t\t<section class=\"elementor-section elementor-top-section elementor-element elementor-element-783b9a60 elementor-section-boxed elementor-section-height-default elementor-section-height-default\" data-id=\"783b9a60\" data-element_type=\"section\" data-settings=\"{&quot;background_background&quot;:&quot;classic&quot;}\">\n\t\t\t\t\t\t<div class=\"elementor-container elementor-column-gap-default\">\n\t\t\t\t\t<div class=\"elementor-column elementor-col-100 elementor-top-column elementor-element elementor-element-63956279\" data-id=\"63956279\" data-element_type=\"column\">\n\t\t\t<div class=\"elementor-widget-wrap elementor-element-populated\">\n\t\t\t\t\t\t\t\t<div class=\"elementor-element elementor-element-1e61a1f5 elementor-widget__width-initial elementor-widget elementor-widget-heading\" data-id=\"1e61a1f5\" data-element_type=\"widget\" data-widget_type=\"heading.default\">\n\t\t\t\t<div class=\"elementor-widget-container\">\n\t\t\t<h5 class=\"elementor-heading-title elementor-size-default\">\u201eNi\u010desar v \u017eivljenju se ni treba bati, treba je razumeti in sprejeti.\u201c <\/h5>\t\t<\/div>\n\t\t\t\t<\/div>\n\t\t\t\t\t<\/div>\n\t\t<\/div>\n\t\t\t\t\t\t\t<\/div>\n\t\t<\/section>\n\t\t\t\t<section class=\"elementor-section elementor-top-section elementor-element elementor-element-3754c17 elementor-section-boxed elementor-section-height-default elementor-section-height-default\" data-id=\"3754c17\" data-element_type=\"section\" data-settings=\"{&quot;animation&quot;:&quot;none&quot;}\">\n\t\t\t\t\t\t<div class=\"elementor-container elementor-column-gap-default\">\n\t\t\t\t\t<div class=\"elementor-column elementor-col-50 elementor-top-column elementor-element elementor-element-e68a2aa\" data-id=\"e68a2aa\" data-element_type=\"column\" data-settings=\"{&quot;background_background&quot;:&quot;classic&quot;}\">\n\t\t\t<div class=\"elementor-widget-wrap\">\n\t\t\t\t\t\t\t\t\t<\/div>\n\t\t<\/div>\n\t\t\t\t<div class=\"elementor-column elementor-col-50 elementor-top-column elementor-element elementor-element-20e474d\" data-id=\"20e474d\" data-element_type=\"column\">\n\t\t\t<div class=\"elementor-widget-wrap elementor-element-populated\">\n\t\t\t\t\t\t\t\t<div class=\"elementor-element elementor-element-6fc7814 elementor-widget__width-initial elementor-widget elementor-widget-text-editor\" data-id=\"6fc7814\" data-element_type=\"widget\" data-widget_type=\"text-editor.default\">\n\t\t\t\t<div class=\"elementor-widget-container\">\n\t\t\t\t\t\t\t<p><span style=\"font-weight: 400;\">No, pa <strong>ni \u0161lo<\/strong>. \u0160la sem<strong> nazaj<\/strong> v stanovanje in se na vso mo\u010d <strong>zjokala.<\/strong> Ta<strong> dan<\/strong> me je bolelo <strong>celo telo<\/strong>. Mo\u017e me je <strong>moral<\/strong> peljati <strong>k zdravniku<\/strong> na pregled, ker sem mislila, da me je<strong> zadela kap<\/strong>. Po <strong>opravljenih<\/strong> vseh <strong>pregledih<\/strong> in<strong> slikah<\/strong>, mi je <strong>zdravnica<\/strong> razlo\u017eila, da mi<strong> ni ni\u010d<\/strong>, da sem<strong> SAMO<\/strong> do\u017eivela pani\u010dni <strong>napad<\/strong>. Samo<strong> pani\u010dni<\/strong> napad je bil, mene\u00a0 je<strong> bolelo<\/strong> celo telo. Moje<strong> telo<\/strong> je bilo povsem <strong>izmu\u010deno.<\/strong> Zdravnica mi je ponudila <strong>antidepresive,<\/strong> a sem se odlo\u010dila, da jih <strong>ne bom<\/strong> <strong>jemala,<\/strong> ker sem takrat \u0161e <strong>dojila.<\/strong> Takrat mi je \u0161lo veliko <strong>energije.<\/strong> Najte\u017eje je bilo, ker me ni<strong> nih\u010de<\/strong> razumel.<\/span><\/p>\t\t\t\t\t\t<\/div>\n\t\t\t\t<\/div>\n\t\t\t\t\t<\/div>\n\t\t<\/div>\n\t\t\t\t\t\t\t<\/div>\n\t\t<\/section>\n\t\t\t\t<section class=\"elementor-section elementor-top-section elementor-element elementor-element-c68417f elementor-section-boxed elementor-section-height-default elementor-section-height-default\" data-id=\"c68417f\" data-element_type=\"section\" data-settings=\"{&quot;animation&quot;:&quot;none&quot;}\">\n\t\t\t\t\t\t<div class=\"elementor-container elementor-column-gap-default\">\n\t\t\t\t\t<div class=\"elementor-column elementor-col-50 elementor-top-column elementor-element elementor-element-b878488\" data-id=\"b878488\" data-element_type=\"column\">\n\t\t\t<div class=\"elementor-widget-wrap elementor-element-populated\">\n\t\t\t\t\t\t\t\t<div class=\"elementor-element elementor-element-6641b03 elementor-widget elementor-widget-heading\" data-id=\"6641b03\" data-element_type=\"widget\" data-widget_type=\"heading.default\">\n\t\t\t\t<div class=\"elementor-widget-container\">\n\t\t\t<h2 class=\"elementor-heading-title elementor-size-default\">Po\u010dasi in postopoma<\/h2>\t\t<\/div>\n\t\t\t\t<\/div>\n\t\t\t\t<div class=\"elementor-element elementor-element-224785f elementor-widget elementor-widget-text-editor\" data-id=\"224785f\" data-element_type=\"widget\" data-widget_type=\"text-editor.default\">\n\t\t\t\t<div class=\"elementor-widget-container\">\n\t\t\t\t\t\t\t<p><span style=\"font-weight: 400;\">Po <strong>malih<\/strong> korakih mi je <strong>uspelo.<\/strong> Lotila sem se zelo<strong> po\u010dasi in postopoma. <\/strong><\/span><\/p><p><span style=\"font-weight: 400;\"><strong>Najve\u010d<\/strong> mi je pomenila <strong>podpora<\/strong> partnerja, ki mi je nudil <strong>prostor in \u010das<\/strong>, da sem lahko <strong>izrazila<\/strong> svoje <strong>ob\u010dutke<\/strong> in <strong>\u010dustva<\/strong>. Sama <strong>nad seboj<\/strong> sem bila povsem <strong>razo\u010darana<\/strong>, imela sem ob\u010dutek, da sem se pustila <strong>na cedilu<\/strong>. Najte\u017eje mi je bilo <strong>odpustiti sebi<\/strong>, da sem si dovolila takega <strong>ravnanja<\/strong> s seboj. Med <strong>drugim<\/strong> sem si pomagala s <strong>pozitivnim razmi\u0161ljanjem<\/strong>, z <strong>vizualizacijami,<\/strong> <strong>afirmacijami<\/strong> in ostalimi <strong>tehnikami,<\/strong> ki jih danes uporabljam pri delu z ljudmi, ki imajo <strong>pani\u010dne napade<\/strong> ter <strong>omejena prepri\u010danja<\/strong> med vo\u017enjo. <\/span><\/p>\t\t\t\t\t\t<\/div>\n\t\t\t\t<\/div>\n\t\t\t\t\t<\/div>\n\t\t<\/div>\n\t\t\t\t<div class=\"elementor-column elementor-col-50 elementor-top-column elementor-element elementor-element-9581d5a\" data-id=\"9581d5a\" data-element_type=\"column\" data-settings=\"{&quot;background_background&quot;:&quot;classic&quot;}\">\n\t\t\t<div class=\"elementor-widget-wrap\">\n\t\t\t\t\t\t\t\t\t<\/div>\n\t\t<\/div>\n\t\t\t\t\t\t\t<\/div>\n\t\t<\/section>\n\t\t\t\t<section class=\"elementor-section elementor-top-section elementor-element elementor-element-852e018 elementor-section-boxed elementor-section-height-default elementor-section-height-default\" data-id=\"852e018\" data-element_type=\"section\" data-settings=\"{&quot;background_background&quot;:&quot;classic&quot;}\">\n\t\t\t\t\t\t<div class=\"elementor-container elementor-column-gap-default\">\n\t\t\t\t\t<div class=\"elementor-column elementor-col-100 elementor-top-column elementor-element elementor-element-c8a092c\" data-id=\"c8a092c\" data-element_type=\"column\">\n\t\t\t<div class=\"elementor-widget-wrap elementor-element-populated\">\n\t\t\t\t\t\t\t\t<div class=\"elementor-element elementor-element-a2a161d elementor-widget__width-initial elementor-widget elementor-widget-heading\" data-id=\"a2a161d\" data-element_type=\"widget\" data-widget_type=\"heading.default\">\n\t\t\t\t<div class=\"elementor-widget-container\">\n\t\t\t<h5 class=\"elementor-heading-title elementor-size-default\">\u201ePrava ovira za pogumno ravnanje je, kako se odzivamo na svoje strahove.\u201c <\/h5>\t\t<\/div>\n\t\t\t\t<\/div>\n\t\t\t\t\t<\/div>\n\t\t<\/div>\n\t\t\t\t\t\t\t<\/div>\n\t\t<\/section>\n\t\t\t\t<section class=\"elementor-section elementor-top-section elementor-element elementor-element-9e6e4eb elementor-section-boxed elementor-section-height-default elementor-section-height-default elementor-invisible\" data-id=\"9e6e4eb\" data-element_type=\"section\" data-settings=\"{&quot;background_background&quot;:&quot;classic&quot;,&quot;animation&quot;:&quot;fadeInRight&quot;}\">\n\t\t\t\t\t\t<div class=\"elementor-container elementor-column-gap-default\">\n\t\t\t\t\t<div class=\"elementor-column elementor-col-100 elementor-top-column elementor-element elementor-element-b20bae3\" data-id=\"b20bae3\" data-element_type=\"column\">\n\t\t\t<div class=\"elementor-widget-wrap elementor-element-populated\">\n\t\t\t\t\t\t\t\t<div class=\"elementor-element elementor-element-b1dab22 elementor-widget elementor-widget-heading\" data-id=\"b1dab22\" data-element_type=\"widget\" data-widget_type=\"heading.default\">\n\t\t\t\t<div class=\"elementor-widget-container\">\n\t\t\t<h2 class=\"elementor-heading-title elementor-size-default\">Zaupajte mi svojo zgodbo<\/h2>\t\t<\/div>\n\t\t\t\t<\/div>\n\t\t\t\t<div class=\"elementor-element elementor-element-c96aed2 elementor-widget elementor-widget-text-editor\" data-id=\"c96aed2\" data-element_type=\"widget\" data-widget_type=\"text-editor.default\">\n\t\t\t\t<div class=\"elementor-widget-container\">\n\t\t\t\t\t\t\t<p><strong>Rezervirajte si virtualni posvet z menoj in mi zaupajte svojo zgodbo.<\/strong><\/p>\t\t\t\t\t\t<\/div>\n\t\t\t\t<\/div>\n\t\t\t\t<div class=\"elementor-element elementor-element-1be1649c elementor-align-center elementor-widget elementor-widget-button\" data-id=\"1be1649c\" data-element_type=\"widget\" data-widget_type=\"button.default\">\n\t\t\t\t<div class=\"elementor-widget-container\">\n\t\t\t\t\t<div class=\"elementor-button-wrapper\">\n\t\t\t<a href=\"#\" class=\"elementor-button-link elementor-button elementor-size-sm\" role=\"button\">\n\t\t\t\t\t\t<span class=\"elementor-button-content-wrapper\">\n\t\t\t\t\t\t<span class=\"elementor-button-text\">ZAUPAJTE MI<\/span>\n\t\t<\/span>\n\t\t\t\t\t<\/a>\n\t\t<\/div>\n\t\t\t\t<\/div>\n\t\t\t\t<\/div>\n\t\t\t\t\t<\/div>\n\t\t<\/div>\n\t\t\t\t\t\t\t<\/div>\n\t\t<\/section>\n\t\t\t\t<section class=\"elementor-section elementor-top-section elementor-element elementor-element-f74def4 elementor-section-boxed elementor-section-height-default elementor-section-height-default\" data-id=\"f74def4\" data-element_type=\"section\">\n\t\t\t\t\t\t<div class=\"elementor-container elementor-column-gap-default\">\n\t\t\t\t\t<div class=\"elementor-column elementor-col-100 elementor-top-column elementor-element elementor-element-922b3f8\" data-id=\"922b3f8\" data-element_type=\"column\">\n\t\t\t<div class=\"elementor-widget-wrap elementor-element-populated\">\n\t\t\t\t\t\t\t\t<div class=\"elementor-element elementor-element-b2aa6ba elementor-widget elementor-widget-spacer\" data-id=\"b2aa6ba\" data-element_type=\"widget\" data-widget_type=\"spacer.default\">\n\t\t\t\t<div class=\"elementor-widget-container\">\n\t\t\t<style>\/*! elementor - v3.12.1 - 02-04-2023 *\/\n.elementor-column .elementor-spacer-inner{height:var(--spacer-size)}.e-con{--container-widget-width:100%}.e-con-inner>.elementor-widget-spacer,.e-con>.elementor-widget-spacer{width:var(--container-widget-width,var(--spacer-size));--align-self:var(--container-widget-align-self,initial);--flex-shrink:0}.e-con-inner>.elementor-widget-spacer>.elementor-widget-container,.e-con-inner>.elementor-widget-spacer>.elementor-widget-container>.elementor-spacer,.e-con>.elementor-widget-spacer>.elementor-widget-container,.e-con>.elementor-widget-spacer>.elementor-widget-container>.elementor-spacer{height:100%}.e-con-inner>.elementor-widget-spacer>.elementor-widget-container>.elementor-spacer>.elementor-spacer-inner,.e-con>.elementor-widget-spacer>.elementor-widget-container>.elementor-spacer>.elementor-spacer-inner{height:var(--container-widget-height,var(--spacer-size))}<\/style>\t\t<div class=\"elementor-spacer\">\n\t\t\t<div class=\"elementor-spacer-inner\"><\/div>\n\t\t<\/div>\n\t\t\t\t<\/div>\n\t\t\t\t<\/div>\n\t\t\t\t\t<\/div>\n\t\t<\/div>\n\t\t\t\t\t\t\t<\/div>\n\t\t<\/section>\n\t\t\t\t<section class=\"elementor-section elementor-top-section elementor-element elementor-element-5f897fb7 elementor-section-boxed elementor-section-height-default elementor-section-height-default\" data-id=\"5f897fb7\" data-element_type=\"section\">\n\t\t\t\t\t\t<div class=\"elementor-container elementor-column-gap-default\">\n\t\t\t\t\t<div class=\"elementor-column elementor-col-100 elementor-top-column elementor-element elementor-element-5f807b67\" data-id=\"5f807b67\" data-element_type=\"column\">\n\t\t\t<div class=\"elementor-widget-wrap\">\n\t\t\t\t\t\t\t\t\t<\/div>\n\t\t<\/div>\n\t\t\t\t\t\t\t<\/div>\n\t\t<\/section>\n\t\t\t\t\t\t\t<\/div>\n\t\t","protected":false},"excerpt":{"rendered":"<p>Moja zgodba Leta 1996 sem pridobila dovoljenje za u\u010denje vo\u017enje ter u\u010denje cestno prometnih predpisov. Takrat\u00a0 smo imeli v lasti\u00a0 \u0161olo vo\u017enje \u201cJaguar\u201d v Ljubljani, v kateri smo delovali vsi dru\u017einski \u010dlani: o\u010de Andrej Ko\u0161ak, mami Ljubica Ko\u0161ak, starej\u0161i brat\u00a0 Gregor Ko\u0161ak in jaz. Imeli smo eno najbolj\u0161ih in najuspe\u0161nej\u0161ih avto\u0161ol v Ljubljani, ki pa [&hellip;]<\/p>\n","protected":false},"author":1,"featured_media":0,"parent":0,"menu_order":0,"comment_status":"closed","ping_status":"closed","template":"elementor_header_footer","meta":{"footnotes":""},"class_list":["post-540","page","type-page","status-publish","hentry","entry"],"_links":{"self":[{"href":"https:\/\/brezstrahuzavolanom.si\/nova\/wp-json\/wp\/v2\/pages\/540","targetHints":{"allow":["GET"]}}],"collection":[{"href":"https:\/\/brezstrahuzavolanom.si\/nova\/wp-json\/wp\/v2\/pages"}],"about":[{"href":"https:\/\/brezstrahuzavolanom.si\/nova\/wp-json\/wp\/v2\/types\/page"}],"author":[{"embeddable":true,"href":"https:\/\/brezstrahuzavolanom.si\/nova\/wp-json\/wp\/v2\/users\/1"}],"replies":[{"embeddable":true,"href":"https:\/\/brezstrahuzavolanom.si\/nova\/wp-json\/wp\/v2\/comments?post=540"}],"version-history":[{"count":95,"href":"https:\/\/brezstrahuzavolanom.si\/nova\/wp-json\/wp\/v2\/pages\/540\/revisions"}],"predecessor-version":[{"id":2493,"href":"https:\/\/brezstrahuzavolanom.si\/nova\/wp-json\/wp\/v2\/pages\/540\/revisions\/2493"}],"wp:attachment":[{"href":"https:\/\/brezstrahuzavolanom.si\/nova\/wp-json\/wp\/v2\/media?parent=540"}],"curies":[{"name":"wp","href":"https:\/\/api.w.org\/{rel}","templated":true}]}}